hat is -12 (base 6) in base 5?
-13
Convert -233 (base 6) to base 9.
-113
11 (base 4) to base 7
5
21 (base 10) to base 12
19
What is -4 (base 5) in base 11?
-4
What is -2 (base 15) in base 9?
-2
Convert 0 (base 10) to base 15.
0
-112 (base 4) to base 2
-10110
Convert 17 (base 10) to base 16.
11
Convert 3 (base 12) to base 10.
3
Convert -14 (base 16) to base 13.
-17
What is -202 (base 7) in base 10?
-100
Convert -40 (base 10) to base 4.
-220
Convert 20 (base 4) to base 7.
11
-1010 (base 2) to base 16
-a
-3 (base 8) to base 11
-3
Convert -9a (base 15) to base 13.
-b2
What is 2332 (base 4) in base 8?
276
-95 (base 11) to base 12
-88
What is 210 (base 4) in base 6?
100
1111 (base 3) to base 2
101000
400 (base 6) to base 16
90
-61 (base 11) to base 6
-151
11 (base 11) to base 14
c
What is 100 (base 2) in base 4?
10
a (base 11) to base 10
10
Convert -1100110 (base 2) to base 12.
-86
What is 2031 (base 4) in base 2?
10001101
What is 10 (base 11) in base 3?
102
Convert -9 (base 13) to base 9.
-10
What is -10210 (base 3) in base 14?
-74
11200 (base 3) to base 5
1001
5 (base 12) to base 8
5
-15 (base 16) to base 15
-16
Convert -2 (base 6) to base 16.
-2
Convert 7 (base 10) to base 6.
11
What is -217 (base 8) in base 12?
-bb
Convert 8 (base 11) to base 5.
13
What is -40 (base 7) in base 10?
-28
8 (base 11) to base 5
13
Convert -406 (base 7) to base 2.
-11001010
Convert 5 (base 13) to base 2.
101
What is 11b (base 14) in base 9?
265
Convert -9 (base 13) to base 16.
-9
What is -54 (base 6) in base 12?
-2a
What is 1 (base 3) in base 4?
1
2 (base 3) to base 7
2
Convert 1 (base 6) to base 7.
1
What is -34 (base 14) in base 6?
-114
What is 0 (base 9) in base 10?
0
Convert 8c (base 13) to base 4.
1310
Convert 246 (base 7) to base 9.
156
What is 5 (base 6) in base 5?
10
What is -50 (base 11) in base 14?
-3d
55 (base 6) to base 13
29
Convert -12 (base 3) to base 6.
-5
Convert 0 (base 9) to base 8.
0
What is -1 (base 11) in base 8?
-1
Convert 2 (base 3) to base 13.
2
5 (base 16) to base 3
12
What is 1b (base 13) in base 16?
18
-b (base 16) to base 10
-11
253 (base 9) to base 7
420
What is -213 (base 6) in base 16?
-51
What is 3 (base 10) in base 9?
3
What is -19 (base 14) in base 7?
-32
Convert 14 (base 10) to base 11.
13
What is -10011 (base 2) in base 13?
-16
What is 73 (base 13) in base 16?
5e
65 (base 9) to base 12
4b
Convert 4 (base 16) to base 10.
4
21 (base 3) to base 13
7
What is 11 (base 5) in base 3?
20
a (base 16) to base 7
13
19 (base 10) to base 2
10011
0 (base 9) to base 7
0
Convert -4 (base 5) to base 13.
-4
Convert 1011100 (base 2) to base 6.
232
What is -164 (base 7) in base 3?
-10112
What is -4 (base 11) in base 7?
-4
Convert b (base 14) to base 2.
1011
Convert -24 (base 5) to base 16.
-e
What is 17 (base 13) in base 15?
15
52 (base 10) to base 14
3a
Convert 6 (base 15) to base 6.
10
Convert 65 (base 8) to base 3.
1222
7 (base 12) to base 11
7
What is 52 (base 7) in base 10?
37
Convert 12 (base 9) to base 14.
b
What is -5 (base 7) in base 6?
-5
What is -d5 (base 16) in base 13?
-135
What is 132 (base 6) in base 4?
320
What is -4 (base 16) in base 14?
-4
1103 (base 5) to base 6
413
What is 12 (base 9) in base 13?
b
Convert 110102 (base 3) to base 16.
14f
Convert 110101 (base 2) to base 4.
311
-2 (base 16) to base 13
-2
Convert 106 (base 12) to base 7.
303
What is 10 (base 5) in base 11?
5
-51 (base 13) to base 16
-42
-5 (base 12) to base 8
-5
Convert 1121 (base 5) to base 6.
425
Convert -1 (base 10) to base 13.
-1
Convert -1 (base 11) to base 12.
-1
Convert 35 (base 9) to base 5.
112
What is -3 (base 13) in base 7?
-3
What is 6 (base 9) in base 8?
6
What is -117 (base 9) in base 7?
-166
Convert 16 (base 8) to base 11.
13
What is -7 (base 10) in base 3?
-21
Convert -5 (base 6) to base 12.
-5
Convert 0 (base 13) to base 8.
0
Convert -1 (base 9) to base 8.
-1
Convert 4 (base 5) to base 9.
4
What is -21022 (base 3) in base 4?
-3011
-11101 (base 2) to base 16
-1d
What is -88 (base 16) in base 14?
-9a
1 (base 7) to base 5
1
-3 (base 15) to base 2
-11
What is 7 (base 14) in base 3?
21
Convert -1 (base 13) to base 16.
-1
Convert -1 (base 10) to base 9.
-1
What is 2 (base 10) in base 16?
2
57 (base 8) to base 7
65
-13 (base 14) to base 6
-25
What is -73 (base 9) in base 6?
-150
What is -c (base 14) in base 3?
-110
Convert -4 (base 7) to base 4.
-10
-15 (base 16) to base 6
-33
43 (base 15) to base 16
3f
-8 (base 9) to base 4
-20
Convert -7 (base 10) to base 16.
-7
What is -1 (base 16) in base 12?
-1
-31 (base 12) to base 11
-34
-4a (base 11) to base 16
-36
-91 (base 13) to base 9
-141
-93 (base 15) to base 4
-2022
-13b (base 14) to base 7
-504
18 (base 14) to base 8
26
Convert 1 (base 13) to base 15.
1
-2 (base 6) to base 3
-2
Convert -21 (base 9) to base 15.
-14
Convert -1100010 (base 2) to base 8.
-142
-46 (base 15) to base 16
-42
2 (base 8) to base 14
2
What is 1 (base 16) in base 6?
1
Convert bd (base 15) to base 3.
20121
15 (base 11) to base 4
100
-10 (base 4) to base 14
-4
What is -2 (base 13) in base 5?
-2
What is 4 (base 6) in base 10?
4
20 (base 6) to base 8
14
What is 34 (base 11) in base 3?
1101
110 (base 6) to base 7
60
-13 (base 8) to base 4
-23
1012 (base 3) to base 8
40
-22 (base 13) to base 2
-11100
-18 (base 13) to base 10
-21
What is -4 (base 9) in base 14?
-4
-5 (base 8) to base 16
-5
Convert -13 (base 7) to base 12.
-a
-3 (base 9) to base 10
-3
2 (base 6) to base 5
2
What is -104 (base 7) in base 16?
-35
4 (base 12) to base 14
4
What is -32 (base 9) in base 15?
-1e
3 (base 4) to base 6
3
Convert -11101 (base 2) to base 3.
-1002
Convert -17 (base 9) to base 2.
-10000
Convert -64 (base 16) to base 5.
-400
What is -25 (base 10) in base 4?
-121
2 (base 5) to base 12
2
Convert 161 (base 10) to base 4.
2201
Convert -23 (base 10) to base 15.
-18
What is 120 (base 5) in base 4?
203
What is 1 (base 16) in base 15?
1
Convert 20 (base 6) to base 8.
14
What is 6 (base 14) in base 12?
6
1102 (base 3) to base 11
35
Convert -7 (base 8) to base 16.
-7
Convert -135 (base 7) to base 6.
-203
-64 (base 9) to base 2
-111010
Convert 106 (base 7) to base 13.
43
What is 0 (base 6) in base 9?
0
Convert -10 (base 2) to base 9.
-2
Convert -101010111 (base 2) to base 11.
-292
ec (base 16) to base 7
455
What is -1 (base 15) in base 5?
-1
-2 (base 4) to base 2
-10
What is -d (base 15) in base 4?
-31
What is 0 (base 5) in base 8?
0
What is -6c (base 14) in base 16?
-60
What is 1 (base 10) in base 3?
1
Convert -26 (base 9) to base 8.
-30
Convert 0 (base 7) to base 2.
0
What is 0 (base 12) in base 10?
0
Convert 2a (base 14) to base 11.
35
110 (base 2) to base 12
6
What is -36 (base 8) in base 12?
-26
What is 505 (base 6) in base 15?
c5
-47 (base 12) to base 4
-313
Convert 1 (base 6) to base 3.
1
Convert 0 (base 15) to base 12.
0
What is -100 (base 2) in base 10?
-4
Convert 4 (base 10) to base 16.
4
Convert -12 (base 11) to base 2.
-1101
What is -320 (base 4) in base 12?
-48
Convert 162 (base 15) to base 11.
269
What is 0 (base 5) in base 2?
0
What is -91 (base 10) in base 3?
-10101
What is 1 (base 10) in base 14?
1
1010 (base 3) to base 11
28
11 (base 9) to base 2
1010
Convert 131 (base 5) to base 2.
101001
What is 84 (base 9) in base 7?
136
What is b (base 12) in base 6?
15
-b (base 15) to base 3
-102
What is -2 (base 7) in base 5?
-2
15 (base 6) to base 9
12
What is 9 (base 10) in base 12?
9
Convert -1a0 (base 13) to base 14.
-175
Convert -14 (base 12) to base 2.
-10000
Convert -15 (base 14) to base 5.
-34
Convert -101 (base 5) to base 10.
-26
Convert 155 (base 14) to base 6.
1131
Convert e0 (base 15) to base 11.
181
What is -10000000 (base 2) in base 14?
-92
-6 (base 12) to base 7
-6
1 (base 4) to base 15
1
What is -17 (base 15) in base 8?
-26
24 (base 14) to base 4
200
-21 (base 5) to base 10
-11
What is 14 (base 10) in base 8?
16
64 (base 7) to base 12
3a
-2 (base 3) to base 14
-2
121 (base 14) to base 16
e1
-b7 (base 12) to base 13
-a9
What is -7 (base 12) in base 9?
-7
What is -17 (base 8) in base 3?
-120
-152 (base 8) to base 15
-71
What is 31 (base 5) in base 15?
11
100 (base 6) to base 9
40
What is -11 (base 3) in base 14?
-4
What is 24 (base 10) in base 4?
120
2 (base 7) to base 14
2
Convert -214 (base 5) to base 12.
-4b
-2 (base 15) to base 12
-2
Convert